959
What are the prime factors of 255829685?
5, 17, 71, 42391
What are the prime factors of 74525891?
11, 31, 218551
List the prime factors of 1229950653.
3, 331, 1238621
What are the prime factors of 24306927?
3, 8102309
List the prime factors of 10778078.
2, 89, 151, 401
List the prime factors of 392798353.
392798353
What are the prime factors of 880353683?
11, 179, 447107
What are the prime factors of 337857515?
5, 131, 515813
List the prime factors of 30582180.
2, 3, 5, 23, 83, 89
List the prime factors of 4405601352.
2, 3, 29, 6329887
What are the prime factors of 28544568?
2, 3, 13, 191, 479
What are the prime factors of 87685493?
7, 653, 19183
What are the prime factors of 3580850297?
89, 40234273
List the prime factors of 897116840.
2, 5, 23, 157, 6211
What are the prime factors of 177614016?
2, 3, 925073
What are the prime factors of 1163009358?
2, 3, 7, 127, 72679
What are the prime factors of 809542503?
3, 7, 11, 97, 12043
List the prime factors of 86485279.
29, 653, 4567
List the prime factors of 323631960.
2, 3, 5, 229, 11777
List the prime factors of 113911383.
3, 1097, 34613
List the prime factors of 543518473.
569, 955217
What are the prime factors of 166019668?
2, 151, 274867
What are the prime factors of 744096179?
1997, 372607
List the prime factors of 411480586.
2, 11, 491, 3463
List the prime factors of 2899474563.
3, 43, 22476547
List the prime factors of 907440704.
2, 14178761
What are the prime factors of 2735642090?
2, 5, 273564209
What are the prime factors of 15678804?
2, 3, 67, 19501
What are the prime factors of 667837023?
3, 7, 19, 157, 1523
What are the prime factors of 15375577?
7, 59, 631
What are the prime factors of 3969456766?
2, 11, 180429853
What are the prime factors of 4038470393?
4038470393
What are the prime factors of 1953686319?
3, 13, 50094521
List the prime factors of 998407183.
71, 14062073
What are the prime factors of 4393062101?
521, 8431981
List the prime factors of 50079995.
5, 7, 1430857
What are the prime factors of 7204259727?
3, 7, 953, 119993
What are the prime factors of 1373940670?
2, 5, 59, 2328713
What are the prime factors of 2364611807?
19, 23, 5411011
What are the prime factors of 160283289?
3, 53, 173, 5827
List the prime factors of 125006446.
2, 31, 61, 33053
List the prime factors of 3074604552.
2, 3, 31, 887, 1553
List the prime factors of 8059188.
2, 3, 331, 2029
What are the prime factors of 1365002329?
18869, 72341
List the prime factors of 838456293.
3, 279485431
List the prime factors of 2327299.
13, 47, 293
What are the prime factors of 2423750931?
3, 7, 97, 127, 347
List the prime factors of 43036386.
2, 3, 7172731
What are the prime factors of 152987729?
353, 433393
What are the prime factors of 709801243?
709801243
What are the prime factors of 1160030242?
2, 7, 82859303
List the prime factors of 18548826.
2, 3, 19, 162709
What are the prime factors of 386780740?
2, 5, 19339037
List the prime factors of 39024960.
2, 3, 5, 13, 53, 59
List the prime factors of 962555418.
2, 3, 11, 491, 9901
List the prime factors of 57219930.
2, 3, 5, 635777
List the prime factors of 46160164.
2, 37, 61, 5113
What are the prime factors of 1028891346?
2, 3, 7, 73, 4597
What are the prime factors of 858036449?
307, 2794907
What are the prime factors of 1641986121?
3, 547328707
List the prime factors of 464926652.
2, 116231663
List the prime factors of 222009608.
2, 2729, 10169
List the prime factors of 89055865.
5, 113, 163, 967
What are the prime factors of 52024797?
3, 11, 43, 101
List the prime factors of 22831337.
857, 26641
List the prime factors of 73172645.
5, 7, 13, 73, 2203
List the prime factors of 87287926.
2, 11, 53, 74861
What are the prime factors of 48713298?
2, 3, 8118883
What are the prime factors of 2480613990?
2, 3, 5, 17, 691, 7039
List the prime factors of 26504229.
3, 71, 124433
What are the prime factors of 6017818?
2, 71, 42379
List the prime factors of 337330195.
5, 251, 268789
What are the prime factors of 85070695?
5, 19, 41, 21841
List the prime factors of 265899969.
3, 9848147
What are the prime factors of 86051963?
86051963
What are the prime factors of 758277758?
2, 7, 17, 3186041
What are the prime factors of 72432949?
419, 172871
List the prime factors of 844763881.
13, 17, 29, 89, 1481
List the prime factors of 2304859096.
2, 757, 380591
What are the prime factors of 40405129?
193, 209353
List the prime factors of 136311835.
5, 11, 67, 71, 521
List the prime factors of 2424231927.
3, 13, 61, 339671
What are the prime factors of 7098650?
2, 5, 13, 67, 163
What are the prime factors of 228625893?
3, 71, 357787
List the prime factors of 233714667.
3, 191, 407879
List the prime factors of 3106149937.
11, 4027, 70121
What are the prime factors of 250188115?
5, 307, 162989
List the prime factors of 318871482.
2, 3, 17, 3126191
List the prime factors of 845306872.
2, 105663359
What are the prime factors of 99061322?
2, 23, 2153507
List the prime factors of 1663003462.
2, 19, 43763249
List the prime factors of 560846699.
7, 31, 251, 1471
What are the prime factors of 8917091?
53, 168247
List the prime factors of 832409559.
3, 211, 438341
List the prime factors of 1305379079.
43, 997, 30449
List the prime factors of 1967805193.
1321, 1489633
List the prime factors of 333371491.
333371491
List the prime factors of 114924076.
2, 1193, 24083
List the prime factors of 226478335.
5, 17, 2664451
What are the prime factors of 421535123?
67, 6291569
What are the prime factors of 1006229781?
3, 111803309
List the prime factors of 14823788.
2, 7, 529421
What are the prime factors of 239905497?
3, 13, 31, 61, 3253
What are the prime factors of 144353082?
2, 3, 71, 338857
List the prime factors of 205666467.
3, 79, 127, 6833
List the prime factors of 405022904.
2, 11, 13, 354041
List the prime factors of 69332478.
2, 3, 61, 189433
List the prime factors of 57693562.
2, 28846781
What are the prime factors of 491309800?
2, 5, 47, 52267
What are the prime factors of 102996619?
11, 127, 73727
What are the prime factors of 1973400038?
2, 2099, 470081
What are the prime factors of 1020588133?
61, 101, 165653
What are the prime factors of 65490868?
2, 17, 181, 313
List the prime factors of 5095451.
1999, 2549
List the prime factors of 345340881.
3, 73, 175211
List the prime factors of 58823218.
2, 2441, 12049
What are the prime factors of 491274241?
19, 25856539
What are the prime factors of 223216819?
7, 37, 23293
What are the prime factors of 1468137400?
2, 5, 7340687
What are the prime factors of 2899069943?
7, 11, 41, 97, 9467
What are the prime factors of 37249858?
2, 18624929
List the prime factors of 3292368617.
3292368617
List the prime factors of 51870846.
2, 3, 8645141
What are the prime factors of 35058725?
5, 13, 107873
List the prime factors of 110264912.
2, 6891557
What are the prime factors of 1488677306?
2, 61, 71, 171863
List the prime factors of 66753584.
2, 4172099
List the prime factors of 898304135.
5, 19, 1487, 6359
List the prime factors of 5003818544.
2, 23, 229, 59377
What are the prime factors of 608582963?
608582963
List the prime factors of 1788497097.
3, 89, 6698491
List the prime factors of 5238056773.
179, 29262887
List the prime factors of 135095079.
3, 7, 29, 221831
What are the prime factors of 113911380?
2, 3, 5, 11, 127, 151
What are the prime factors of 23069435?
5, 83, 55589
What are the prime factors of 2219091131?
2441, 909091
List the prime factors of 12283932.
2, 3, 23, 44507
What are the prime factors of 675224357?
2069, 326353
List the prime factors of 689574604.
2, 17, 769, 13187
List the prime factors of 21584922.
2, 3, 3597487
What are the prime factors of 516775256?
2, 193, 334699
List the prime factors of 149578028.
2, 89, 420163
List the prime factors of 1207067863.
31, 38937673
What are the prime factors of 108655564?
2, 2237, 12143
What are the prime factors of 33280933?
7, 179, 26561
List the prime factors of 9113251.
7, 1301893
What are the prime factors of 1231833893?
1231833893
List the prime factors of 189666807.
3, 11, 17, 53, 6379
What are the prime factors of 35096659?
13, 2699743
What are the prime factors of 13847169?
3, 7, 727, 907
What are the prime factors of 765545087?
23, 73, 455953
List the prime factors of 337